{"id":332,"date":"2021-05-07T17:49:56","date_gmt":"2021-05-07T15:49:56","guid":{"rendered":"https:\/\/pedrovinuela.com\/?page_id=332"},"modified":"2024-07-23T18:10:12","modified_gmt":"2024-07-23T16:10:12","slug":"politica-de-privacidad","status":"publish","type":"page","link":"https:\/\/pedrovinuela.com\/es\/politica-de-privacidad\/","title":{"rendered":"Pol\u00edtica de privacidad"},"content":{"rendered":"\n<p>La presente Pol\u00edtica de Privacidad establece los t\u00e9rminos en que se utiliza y protege la informaci\u00f3n que es proporcionada por los usuarios en el momento de utilizar el sitio web, rellenar un formulario o cualquier otro tipo de servicio o producto para el que sea necesaria la recogida de datos.<\/p>\n\n<p>Cuando pido que rellenes los campos de informaci\u00f3n personal con la que puedes ser identificada, lo hago asegurando que s\u00f3lo se emplear\u00e1 de acuerdo con los t\u00e9rminos de este documento.<\/p>\n\n<p><\/p>\n\n<h2 class=\"wp-block-heading\">Finalidad de la recogida de datos<\/h2>\n\n<p>Cuando sea necesario se recoger\u00e1 informaci\u00f3n espec\u00edfica para procesar alg\u00fan pedido, realizar una entrega, facturaci\u00f3n u otros procesos que requieran de tal informaci\u00f3n.<\/p>\n\n<p>Emplear\u00e9 la informaci\u00f3n con el fin de proporcionar el mejor servicio posible, en caso que aplique: gesti\u00f3n de compra, facturaci\u00f3n, o cualquier otro tratamiento. En cualquier caso, los datos ofrecidos por los usuarios s\u00f3lo se usar\u00e1n para el destino que fueron facilitados.<\/p>\n\n<p>En caso de que alguien contacte conmigo por email, tel\u00e9fono o correo postal, utilizar\u00e9 esta informaci\u00f3n para responder y mantener conversaciones futuras.<\/p>\n\n<p><\/p>\n\n<h2 class=\"wp-block-heading\">Qu\u00e9 derechos tienes sobre tus datos<\/h2>\n\n<p>Puedes solicitar que elimine cualquier dato personal que tenga sobre ti. En cualquier momento puedes ejercer tu derecho a que tus datos se modifiquen o borren. Esto no incluye ning\u00fan dato que estemos obligados a conservar con fines administrativos, legales o de seguridad.<\/p>\n\n<p><\/p>\n\n<h2 class=\"wp-block-heading\">Cesi\u00f3n de datos<\/h2>\n\n<p>No cedas datos a terceros. No vender\u00e9, ceder\u00e9 ni distribuir\u00e9 la informaci\u00f3n personal que sea recopilada sin tu consentimiento, salvo que sea requerido por un juez con una orden judicial.<\/p>\n\n<p class=\"has-white-background-color has-background\"><\/p>\n","protected":false},"excerpt":{"rendered":"<p>Pol\u00edtica de privacidad<\/p>\n","protected":false},"author":1,"featured_media":0,"parent":0,"menu_order":0,"comment_status":"closed","ping_status":"closed","template":"","meta":{"_et_pb_use_builder":"off","_et_pb_old_content":"","_et_gb_content_width":"1080","_monsterinsights_skip_tracking":false,"_monsterinsights_sitenote_active":false,"_monsterinsights_sitenote_note":"","_monsterinsights_sitenote_category":0,"footnotes":""},"class_list":["post-332","page","type-page","status-publish","hentry"],"yoast_head":"<!-- This site is optimized with the Yoast SEO plugin v26.8 - https:\/\/yoast.com\/product\/yoast-seo-wordpress\/ -->\n<title>Pol\u00edtica de privacidad - Pedro Vi\u00f1uela<\/title>\n<meta name=\"description\" content=\"La presente &quot;Pol\u00edtica de Privacidad&quot; establece los t\u00e9rminos en que se utiliza y protege la informaci\u00f3n que es proporcionada por los usuarios.\" \/>\n<meta name=\"robots\" content=\"index, follow, max-snippet:-1, max-image-preview:large, max-video-preview:-1\" \/>\n<link rel=\"canonical\" href=\"https:\/\/pedrovinuela.com\/es\/politica-de-privacidad\/\" \/>\n<meta property=\"og:locale\" content=\"es_ES\" \/>\n<meta property=\"og:type\" content=\"article\" \/>\n<meta property=\"og:title\" content=\"Pol\u00edtica de privacidad - Pedro Vi\u00f1uela\" \/>\n<meta property=\"og:description\" content=\"La presente &quot;Pol\u00edtica de Privacidad&quot; establece los t\u00e9rminos en que se utiliza y protege la informaci\u00f3n que es proporcionada por los usuarios.\" \/>\n<meta property=\"og:url\" content=\"https:\/\/pedrovinuela.com\/es\/politica-de-privacidad\/\" \/>\n<meta property=\"og:site_name\" content=\"Pedro Vi\u00f1uela\" \/>\n<meta property=\"article:publisher\" content=\"https:\/\/www.facebook.com\/pedroatthecontrols\/\" \/>\n<meta property=\"article:modified_time\" content=\"2024-07-23T16:10:12+00:00\" \/>\n<meta property=\"og:image\" content=\"https:\/\/i0.wp.com\/pedrovinuela.com\/wp-content\/uploads\/2021\/06\/Manley.jpg?fit=2000%2C1333&ssl=1\" \/>\n\t<meta property=\"og:image:width\" content=\"2000\" \/>\n\t<meta property=\"og:image:height\" content=\"1333\" \/>\n\t<meta property=\"og:image:type\" content=\"image\/jpeg\" \/>\n<meta name=\"twitter:card\" content=\"summary_large_image\" \/>\n<meta name=\"twitter:label1\" content=\"Tiempo de lectura\" \/>\n\t<meta name=\"twitter:data1\" content=\"2 minutos\" \/>\n<script type=\"application\/ld+json\" class=\"yoast-schema-graph\">{\"@context\":\"https:\/\/schema.org\",\"@graph\":[{\"@type\":\"WebPage\",\"@id\":\"https:\/\/pedrovinuela.com\/es\/politica-de-privacidad\/\",\"url\":\"https:\/\/pedrovinuela.com\/es\/politica-de-privacidad\/\",\"name\":\"Pol\u00edtica de privacidad - Pedro Vi\u00f1uela\",\"isPartOf\":{\"@id\":\"https:\/\/pedrovinuela.com\/es\/#website\"},\"datePublished\":\"2021-05-07T15:49:56+00:00\",\"dateModified\":\"2024-07-23T16:10:12+00:00\",\"description\":\"La presente \\\"Pol\u00edtica de Privacidad\\\" establece los t\u00e9rminos en que se utiliza y protege la informaci\u00f3n que es proporcionada por los usuarios.\",\"breadcrumb\":{\"@id\":\"https:\/\/pedrovinuela.com\/es\/politica-de-privacidad\/#breadcrumb\"},\"inLanguage\":\"es\",\"potentialAction\":[{\"@type\":\"ReadAction\",\"target\":[\"https:\/\/pedrovinuela.com\/es\/politica-de-privacidad\/\"]}]},{\"@type\":\"BreadcrumbList\",\"@id\":\"https:\/\/pedrovinuela.com\/es\/politica-de-privacidad\/#breadcrumb\",\"itemListElement\":[{\"@type\":\"ListItem\",\"position\":1,\"name\":\"Portada\",\"item\":\"https:\/\/pedrovinuela.com\/es\/\"},{\"@type\":\"ListItem\",\"position\":2,\"name\":\"Pol\u00edtica de privacidad\"}]},{\"@type\":\"WebSite\",\"@id\":\"https:\/\/pedrovinuela.com\/es\/#website\",\"url\":\"https:\/\/pedrovinuela.com\/es\/\",\"name\":\"Pedro Vi\u00f1uela\",\"description\":\"Premium Mastering\",\"publisher\":{\"@id\":\"https:\/\/pedrovinuela.com\/es\/#organization\"},\"potentialAction\":[{\"@type\":\"SearchAction\",\"target\":{\"@type\":\"EntryPoint\",\"urlTemplate\":\"https:\/\/pedrovinuela.com\/es\/?s={search_term_string}\"},\"query-input\":{\"@type\":\"PropertyValueSpecification\",\"valueRequired\":true,\"valueName\":\"search_term_string\"}}],\"inLanguage\":\"es\"},{\"@type\":\"Organization\",\"@id\":\"https:\/\/pedrovinuela.com\/es\/#organization\",\"name\":\"Pedro Vi\u00f1uela\",\"url\":\"https:\/\/pedrovinuela.com\/es\/\",\"logo\":{\"@type\":\"ImageObject\",\"inLanguage\":\"es\",\"@id\":\"https:\/\/pedrovinuela.com\/es\/#\/schema\/logo\/image\/\",\"url\":\"https:\/\/i0.wp.com\/pedrovinuela.com\/wp-content\/uploads\/2021\/04\/cropped-PV-Favicon-1-1-1.png?fit=512%2C512&ssl=1\",\"contentUrl\":\"https:\/\/i0.wp.com\/pedrovinuela.com\/wp-content\/uploads\/2021\/04\/cropped-PV-Favicon-1-1-1.png?fit=512%2C512&ssl=1\",\"width\":512,\"height\":512,\"caption\":\"Pedro Vi\u00f1uela\"},\"image\":{\"@id\":\"https:\/\/pedrovinuela.com\/es\/#\/schema\/logo\/image\/\"},\"sameAs\":[\"https:\/\/www.facebook.com\/pedroatthecontrols\/\",\"https:\/\/www.instagram.com\/pedrovinuelamastering\/\",\"https:\/\/www.youtube.com\/channel\/UCSjBWwLBiV8LUrHJ2GK1oyg\"]}]}<\/script>\n<!-- \/ Yoast SEO plugin. -->","yoast_head_json":{"title":"Pol\u00edtica de privacidad - Pedro Vi\u00f1uela","description":"La presente \"Pol\u00edtica de Privacidad\" establece los t\u00e9rminos en que se utiliza y protege la informaci\u00f3n que es proporcionada por los usuarios.","robots":{"index":"index","follow":"follow","max-snippet":"max-snippet:-1","max-image-preview":"max-image-preview:large","max-video-preview":"max-video-preview:-1"},"canonical":"https:\/\/pedrovinuela.com\/es\/politica-de-privacidad\/","og_locale":"es_ES","og_type":"article","og_title":"Pol\u00edtica de privacidad - Pedro Vi\u00f1uela","og_description":"La presente \"Pol\u00edtica de Privacidad\" establece los t\u00e9rminos en que se utiliza y protege la informaci\u00f3n que es proporcionada por los usuarios.","og_url":"https:\/\/pedrovinuela.com\/es\/politica-de-privacidad\/","og_site_name":"Pedro Vi\u00f1uela","article_publisher":"https:\/\/www.facebook.com\/pedroatthecontrols\/","article_modified_time":"2024-07-23T16:10:12+00:00","og_image":[{"width":2000,"height":1333,"url":"https:\/\/i0.wp.com\/pedrovinuela.com\/wp-content\/uploads\/2021\/06\/Manley.jpg?fit=2000%2C1333&ssl=1","type":"image\/jpeg"}],"twitter_card":"summary_large_image","twitter_misc":{"Tiempo de lectura":"2 minutos"},"schema":{"@context":"https:\/\/schema.org","@graph":[{"@type":"WebPage","@id":"https:\/\/pedrovinuela.com\/es\/politica-de-privacidad\/","url":"https:\/\/pedrovinuela.com\/es\/politica-de-privacidad\/","name":"Pol\u00edtica de privacidad - Pedro Vi\u00f1uela","isPartOf":{"@id":"https:\/\/pedrovinuela.com\/es\/#website"},"datePublished":"2021-05-07T15:49:56+00:00","dateModified":"2024-07-23T16:10:12+00:00","description":"La presente \"Pol\u00edtica de Privacidad\" establece los t\u00e9rminos en que se utiliza y protege la informaci\u00f3n que es proporcionada por los usuarios.","breadcrumb":{"@id":"https:\/\/pedrovinuela.com\/es\/politica-de-privacidad\/#breadcrumb"},"inLanguage":"es","potentialAction":[{"@type":"ReadAction","target":["https:\/\/pedrovinuela.com\/es\/politica-de-privacidad\/"]}]},{"@type":"BreadcrumbList","@id":"https:\/\/pedrovinuela.com\/es\/politica-de-privacidad\/#breadcrumb","itemListElement":[{"@type":"ListItem","position":1,"name":"Portada","item":"https:\/\/pedrovinuela.com\/es\/"},{"@type":"ListItem","position":2,"name":"Pol\u00edtica de privacidad"}]},{"@type":"WebSite","@id":"https:\/\/pedrovinuela.com\/es\/#website","url":"https:\/\/pedrovinuela.com\/es\/","name":"Pedro Vi\u00f1uela","description":"Premium Mastering","publisher":{"@id":"https:\/\/pedrovinuela.com\/es\/#organization"},"potentialAction":[{"@type":"SearchAction","target":{"@type":"EntryPoint","urlTemplate":"https:\/\/pedrovinuela.com\/es\/?s={search_term_string}"},"query-input":{"@type":"PropertyValueSpecification","valueRequired":true,"valueName":"search_term_string"}}],"inLanguage":"es"},{"@type":"Organization","@id":"https:\/\/pedrovinuela.com\/es\/#organization","name":"Pedro Vi\u00f1uela","url":"https:\/\/pedrovinuela.com\/es\/","logo":{"@type":"ImageObject","inLanguage":"es","@id":"https:\/\/pedrovinuela.com\/es\/#\/schema\/logo\/image\/","url":"https:\/\/i0.wp.com\/pedrovinuela.com\/wp-content\/uploads\/2021\/04\/cropped-PV-Favicon-1-1-1.png?fit=512%2C512&ssl=1","contentUrl":"https:\/\/i0.wp.com\/pedrovinuela.com\/wp-content\/uploads\/2021\/04\/cropped-PV-Favicon-1-1-1.png?fit=512%2C512&ssl=1","width":512,"height":512,"caption":"Pedro Vi\u00f1uela"},"image":{"@id":"https:\/\/pedrovinuela.com\/es\/#\/schema\/logo\/image\/"},"sameAs":["https:\/\/www.facebook.com\/pedroatthecontrols\/","https:\/\/www.instagram.com\/pedrovinuelamastering\/","https:\/\/www.youtube.com\/channel\/UCSjBWwLBiV8LUrHJ2GK1oyg"]}]}},"jetpack_sharing_enabled":true,"_links":{"self":[{"href":"https:\/\/pedrovinuela.com\/es\/wp-json\/wp\/v2\/pages\/332","targetHints":{"allow":["GET"]}}],"collection":[{"href":"https:\/\/pedrovinuela.com\/es\/wp-json\/wp\/v2\/pages"}],"about":[{"href":"https:\/\/pedrovinuela.com\/es\/wp-json\/wp\/v2\/types\/page"}],"author":[{"embeddable":true,"href":"https:\/\/pedrovinuela.com\/es\/wp-json\/wp\/v2\/users\/1"}],"replies":[{"embeddable":true,"href":"https:\/\/pedrovinuela.com\/es\/wp-json\/wp\/v2\/comments?post=332"}],"version-history":[{"count":10,"href":"https:\/\/pedrovinuela.com\/es\/wp-json\/wp\/v2\/pages\/332\/revisions"}],"predecessor-version":[{"id":1432,"href":"https:\/\/pedrovinuela.com\/es\/wp-json\/wp\/v2\/pages\/332\/revisions\/1432"}],"wp:attachment":[{"href":"https:\/\/pedrovinuela.com\/es\/wp-json\/wp\/v2\/media?parent=332"}],"curies":[{"name":"wp","href":"https:\/\/api.w.org\/{rel}","templated":true}]}}

Política de privacidad

<p>La presente Política de Privacidad establece los términos en que se utiliza y protege la información que es proporcionada por los usuarios en el momento de utilizar el sitio web, rellenar un formulario o cualquier otro tipo de servicio o producto para el que sea necesaria la recogida de datos.</p>

<p>Cuando pido que rellenes los campos de información personal con la que puedes ser identificada, lo hago asegurando que sólo se empleará de acuerdo con los términos de este documento.</p>

<p></p>

<h2 class="wp-block-heading">Finalidad de la recogida de datos</h2>

<p>Cuando sea necesario se recogerá información específica para procesar algún pedido, realizar una entrega, facturación u otros procesos que requieran de tal información.</p>

<p>Emplearé la información con el fin de proporcionar el mejor servicio posible, en caso que aplique: gestión de compra, facturación, o cualquier otro tratamiento. En cualquier caso, los datos ofrecidos por los usuarios sólo se usarán para el destino que fueron facilitados.</p>

<p>En caso de que alguien contacte conmigo por email, teléfono o correo postal, utilizaré esta información para responder y mantener conversaciones futuras.</p>

<p></p>

<h2 class="wp-block-heading">Qué derechos tienes sobre tus datos</h2>

<p>Puedes solicitar que elimine cualquier dato personal que tenga sobre ti. En cualquier momento puedes ejercer tu derecho a que tus datos se modifiquen o borren. Esto no incluye ningún dato que estemos obligados a conservar con fines administrativos, legales o de seguridad.</p>

<p></p>

<h2 class="wp-block-heading">Cesión de datos</h2>

<p>No cedas datos a terceros. No venderé, cederé ni distribuiré la información personal que sea recopilada sin tu consentimiento, salvo que sea requerido por un juez con una orden judicial.</p>

<p class="has-white-background-color has-background"></p>

<p>Política de privacidad</p>

<!-- This site is optimized with the Yoast SEO plugin v26.8 - https://yoast.com/product/yoast-seo-wordpress/ -->
<title>Política de privacidad - Pedro Viñuela</title>
<meta name="description" content="La presente &quot;Política de Privacidad&quot; establece los términos en que se utiliza y protege la información que es proporcionada por los usuarios." />
<meta name="robots" content="index, follow, max-snippet:-1, max-image-preview:large, max-video-preview:-1" />
<link rel="canonical" href="https://pedrovinuela.com/es/politica-de-privacidad/" />
<meta property="og:locale" content="es_ES" />
<meta property="og:type" content="article" />
<meta property="og:title" content="Política de privacidad - Pedro Viñuela" />
<meta property="og:description" content="La presente &quot;Política de Privacidad&quot; establece los términos en que se utiliza y protege la información que es proporcionada por los usuarios." />
<meta property="og:url" content="https://pedrovinuela.com/es/politica-de-privacidad/" />
<meta property="og:site_name" content="Pedro Viñuela" />
<meta property="article:publisher" content="https://www.facebook.com/pedroatthecontrols/" />
<meta property="article:modified_time" content="2024-07-23T16:10:12+00:00" />
<meta property="og:image" content="https://i0.wp.com/pedrovinuela.com/wp-content/uploads/2021/06/Manley.jpg?fit=2000%2C1333&ssl=1" />
	<meta property="og:image:width" content="2000" />
	<meta property="og:image:height" content="1333" />
	<meta property="og:image:type" content="image/jpeg" />
<meta name="twitter:card" content="summary_large_image" />
<meta name="twitter:label1" content="Tiempo de lectura" />
	<meta name="twitter:data1" content="2 minutos" />
<script type="application/ld+json" class="yoast-schema-graph">{"@context":"https://schema.org","@graph":[{"@type":"WebPage","@id":"https://pedrovinuela.com/es/politica-de-privacidad/","url":"https://pedrovinuela.com/es/politica-de-privacidad/","name":"Política de privacidad - Pedro Viñuela","isPartOf":{"@id":"https://pedrovinuela.com/es/#website"},"datePublished":"2021-05-07T15:49:56+00:00","dateModified":"2024-07-23T16:10:12+00:00","description":"La presente \"Política de Privacidad\" establece los términos en que se utiliza y protege la información que es proporcionada por los usuarios.","breadcrumb":{"@id":"https://pedrovinuela.com/es/politica-de-privacidad/#breadcrumb"},"inLanguage":"es","potentialAction":[{"@type":"ReadAction","target":["https://pedrovinuela.com/es/politica-de-privacidad/"]}]},{"@type":"BreadcrumbList","@id":"https://pedrovinuela.com/es/politica-de-privacidad/#breadcrumb","itemListElement":[{"@type":"ListItem","position":1,"name":"Portada","item":"https://pedrovinuela.com/es/"},{"@type":"ListItem","position":2,"name":"Política de privacidad"}]},{"@type":"WebSite","@id":"https://pedrovinuela.com/es/#website","url":"https://pedrovinuela.com/es/","name":"Pedro Viñuela","description":"Premium Mastering","publisher":{"@id":"https://pedrovinuela.com/es/#organization"},"potentialAction":[{"@type":"SearchAction","target":{"@type":"EntryPoint","urlTemplate":"https://pedrovinuela.com/es/?s={search_term_string}"},"query-input":{"@type":"PropertyValueSpecification","valueRequired":true,"valueName":"search_term_string"}}],"inLanguage":"es"},{"@type":"Organization","@id":"https://pedrovinuela.com/es/#organization","name":"Pedro Viñuela","url":"https://pedrovinuela.com/es/","logo":{"@type":"ImageObject","inLanguage":"es","@id":"https://pedrovinuela.com/es/#/schema/logo/image/","url":"https://i0.wp.com/pedrovinuela.com/wp-content/uploads/2021/04/cropped-PV-Favicon-1-1-1.png?fit=512%2C512&ssl=1","contentUrl":"https://i0.wp.com/pedrovinuela.com/wp-content/uploads/2021/04/cropped-PV-Favicon-1-1-1.png?fit=512%2C512&ssl=1","width":512,"height":512,"caption":"Pedro Viñuela"},"image":{"@id":"https://pedrovinuela.com/es/#/schema/logo/image/"},"sameAs":["https://www.facebook.com/pedroatthecontrols/","https://www.instagram.com/pedrovinuelamastering/","https://www.youtube.com/channel/UCSjBWwLBiV8LUrHJ2GK1oyg"]}]}</script>
<!-- / Yoast SEO plugin. -->

Política de privacidad - Pedro Viñuela

La presente "Política de Privacidad" establece los términos en que se utiliza y protege la información que es proporcionada por los usuarios.

Pedro Viñuela
